*j - 136. Suppose 20 = 6*m - j. What is the remainder when 130 is divided by (m/(-6))/((-2)/44)?
31
Suppose 35 = i + 2*m, -5*i - 5*m + 117 = -68. Suppose -30*j - 1739 = -4*j - 10839. Calculate the remainder when j is divided by i.
38
Suppose -4*i + 56 + 176 = 0. Let q = -187 - -184. Let r(f) = 4*f + 22. Calculate the remainder when i is divided by r(q).
8
Let g(j) = 153*j + 17. Suppose -4*s + 18*s - 14 = 0. Calculate the remainder when g(s) is divided by 19.
18
Let a = -623 - -1176. Let z = a + -486. Calculate the remainder when 221 is divided by z.
20
Let n = 2941 - 2798. Calculate the remainder when n is divided by 116/2*(-3)/(-6).
27
Let f(j) = -27*j**3 + 1. Let a be f(1). Let r = 51 - a. Suppose -3*n + 44 = 4*k, -2*n + 36 + 1 = -5*k. What is the remainder when r is divided by n?
13
Let s(g) = -4 - 94*g + 198*g - 92*g - 1 - 1 + g**2. What is the remainder when s(3) is divided by 24?
15
Suppose -3215 = -5*w + 5*k, k + 8 = 5*k. Suppose 0 = -5*d - 5*h + 645, -h = -5*d - 4*h + w. What is the remainder when d is divided by 45?
39
Let w = -95 - -99. Suppose w*o + 10 = -2. Let d(v) = -2*v + 16. What is the remainder when 41 is divided by d(o)?
19
Let u = -869 - -887. What is the remainder when 142 is divided by u?
16
Let y be (-1)/(0 + 1) + 602/7. Let i = y + -23. What is the remainder when 120 is divided by i?
58
Suppose 5*v + 4*y + 1630 = 6295, v = -5*y + 933. What is the remainder when v is divided by 229?
17
Let v = -13 + 30. Suppose -3246*z + 3237*z = -54. Calculate the remainder when v is divided by z.
5
Let s(o) = 27*o**2 + 2*o + 4. Suppose 0 = 117*z - 127*z + 280. Calculate the remainder when s(-2) is divided by z.
24
What is the remainder when (53/(-212) - 14/8)*-33 is divided by 23?
20
Let s = 136 - 121. Calculate the remainder when s/5 - (2 + -13) is divided by 2.
0
Suppose 7*z = 2*z + d + 63, 62 = 4*z + 5*d. Suppose -3 = -38*f - 58*f + 285. What is the remainder when z is divided by f?
1
Let d(u) = u**3 + 10*u**2 + 9*u + 12. Let x(c) = -c**3 - 10*c**2 + 12*c + 2. Let n be x(-11). Calculate the remainder when 21 is divided by d(n).
9
What is the remainder when 7407 is divided by ((-891)/(-55) - 16)*1090?
213
Suppose -7*s = -14 - 7. Let h(f) = -f - 1. Calculate the remainder when 31 + 0 - (-1 + s - 1) is divided by h(-9).
6
Suppose -2*i = 2*a, 3 = 5*i + 4*a - 1. Let q(v) = -2*v**3 + 2*v**2 - v + 10. Let j be q(i). Let w = j - -207. Calculate the remainder when w is divided by 15.
12
Suppose 16 - 7 = 3*b. Let s be b*(-9 - -2)*4/(-6). Calculate the remainder when 30 is divided by 116/14 + (-4)/s.
6
Let u = -2033 + 2221. Calculate the remainder when 200 is divided by u.
12
Calculate the remainder when 2473 is divided by (3 - 155/(-15))/(((-91)/(-42))/13).
73
Let g be -38 - -33 - (-1 + 241). Calculate the remainder when 64 is divided by ((-13)/((-260)/24))/((-21)/g).
8
Suppose 8*w = 24, 171*y - 153 = 168*y - 3*w. Suppose 0 = 5*a - 773 - 657. Calculate the remainder when a is divided by y.
46
Suppose 0 = 2*z - 41 - 109. Let y = -18000 - -18007. What is the remainder when z is divided by y?
5
Suppose 2*s + 5*o = o - 12, 0 = -4*s + 3*o - 24. Let h(x) = 2*x**2 - 3*x + 6. Calculate the remainder when (s/21)/(16/(-6496)) is divided by h(5).
34
Let u(z) = z**2 + 6*z - 18. Let p = -3 - 6. Let r be u(p). Suppose r*g - 4*g - 4*o - 25 = 0, 5*o = 5*g - 20. Calculate the remainder when 53 is divided by g.
8
Let o = 71 - 69. Suppose -3*t + 76 = 5*m - o*t, -5*m + 4*t + 96 = 0. Let i(h) = 9*h - 35. What is the remainder when i(7) is divided by m?
12
Let d(z) = z**2 + 15*z + 28. Suppose -180*a - 84 = -174*a. What is the remainder when 57 is divided by d(a)?
1
Suppose -408 = -29*v + 85. Suppose 0 = v*i - 77 - 42. What is the remainder when 35 is divided by i?
0
Suppose 45 = x - 14. Let w = 53 - x. Let d(j) = -2*j - 9. Calculate the remainder when 4 is divided by d(w).
1
Suppose 52 - 1866 = -32*t - 182. Calculate the remainder when 615 is divided by t.
3
Let p be 24/6*1 + 0. Suppose 4*d + 2*t = 5*t + 88, -2*d + 42 = -t. Calculate the remainder when 102/p*(-10)/(-5) is divided by d.
13
Suppose -2*l - 8 = 0, -12 = -4*i - 3*l + 16. Calculate the remainder when (16/i)/(4 + 1058/(-265)) is divided by 24.
20
Suppose -68*l - 88436 + 213014 + 180062 = 0. Calculate the remainder when l is divided by 895.
5
Let b be 1/((-68)/(-16) - 4). Suppose 4*n - 2 - 30 = p, -b*p = -n + 8. Let c(u) = -u**3 + 7*u**2 + 9*u + 1. Calculate the remainder when 16 is divided by c(n).
7
Suppose -3*t + 6*h - 9*h + 18 = 0, -3 = 3*t - 4*h. Suppose -p + 10 = -3*b + 33, -15 = 3*p. What is the remainder when b is divided by t?
0
Calculate the remainder when 1465 is divided by 35/(54/6 + 53/(-6)).
205
Let k(w) = -40*w - 54. Let g(x) = -41*x - 54. Let s(n) = -5*g(n) + 6*k(n). What is the remainder when 200 is divided by s(-3)?
47
Let l be 8616/16*(-4)/(-6). Let m = 613 - l. What is the remainder when m is divided by 8?
6
Suppose 4*o + 9*i - 192 = 13*i, i + 95 = 2*o. Suppose -o*v - 135 = -370. What is the remainder when 8 + 0*(-2)/(-4) is divided by v?
3
Let g be 2 - ((-120)/28 - (-10)/35). Let a(q) = -4*q - 1. Let j be a(-1). Suppose g*d + j = 9*d. What is the remainder when 8 is divided by d?
0
Suppose -5*b + 4*q = q - 12246, 2*q - 9810 = -4*b. Calculate the remainder when b is divided by 164.
155
Suppose 5*j - 248*p + 247*p = 19232, 0 = -5*p + 15. Calculate the remainder when j is divided by 154.
151
Let k(y) = -y**3 - 10*y**2 + 20*y + 101. Let l be k(-11). What is the remainder when (l - 5) + 158 + 2 + 1 is divided by 54?
50
Let z(w) = w**2 + 15*w - 33. Calculate the remainder when 60 is divided by z(2).
0
Calculate the remainder when 2364 is divided by (-195)/65*1/(-9)*90.
24
Let z be 2/((-6)/(-8) + (-1)/(-4)). Suppose -w - z*w = -a - 521, 0 = -3*w - 3*a + 513. Calculate the remainder when w is divided by 90.
83
Let m(h) = -h**2 - 3*h + 1. Calculate the remainder when m(-3) is divided by 5/4*(-216)/(-270).
0
Suppose 5*m = -4*x + 25, 2*m - x = 2*x + 33. Let p = -605 - -900. Suppose 163 = -4*g + p. Calculate the remainder when g is divided by m.
6
Let d = -16650 + 26430. Calculate the remainder when d is divided by 19.
14
Let m be (-1)/(9/12 + -1). Suppose h + 2*y = 12, 0*y = 4*y - m. What is the remainder when (-401)/(-6817)*(631 + -2) is divided by h?
7
Let n = -7398 + 7476. Let u be 2/8*122*2. Suppose 0 = -4*m + 47 + u. Calculate the remainder when n is divided by m.
24
Let s = 56423 + -28536. Calculate the remainder when s is divided by 336.
335
What is the remainder when 422 is divided by 161 + -4 + 2 - (-85)/17?
94
Let w = 117 + -63. Suppose 4*v = -0*v - 5*c - 17, -4*c - 16 = 2*v. Suppose m + 14 = v*m. Calculate the remainder when w is divided by m.
12
Let c(u) = -u**2 - 17*u - 20. Suppose 4*g - g - 9 = 0. Let a(o) = 2*o**3 - 6*o**2 + 5*o + 4. Calculate the remainder when a(g) is divided by c(-15).
9
Let v be -2 + 3 - (-32)/8. Let j = -146 + 197. What is the remainder when j is divided by ((-468)/45)/((-2)/v)?
25
Let q = -10759 + 11314. Calculate the remainder when q is divided by 176.
27
Calculate the remainder when (3/(-4))/((-2)/(-4) + (-2403)/4628) is divided by 5.
4
Let g(u) = 16*u**2 - 51*u - 229. Calculate the remainder when g(-5) is divided by 203.
20
Let f(s) = -12*s + 115. Let w be f(9). Suppose -4*p - 4 = h, h + w = 3*p + 38. What is the remainder when 75 is divided by h?
11
Suppose 6*u - 9856 = 23*u - 36920. Calculate the remainder when u is divided by 29.
26
Suppose -23523 = -6*z - 9357. What is the remainder when z is divided by 182?
177
Suppose -12*a = 9*a - 17388. Suppose -a*u + 830*u = 98. Let r(w) = -w**3 + 4*w**2 + 2*w - 2. What is the remainder when u is divided by r(3)?
10
Let n be (50/15 + -1)*36. Let f = n + -81. Suppose -15*c + 42 + f = 0. What is the remainder when c is divided by 3?
0
Suppose -30 = 3*d - 9*d. Suppose p + d = 0, -4*g + 70 = -2*g + 4*p. Let n = 13 + -1. Calculate the remainder when g is divided by n.
9
Let c(x) = 8 + 0*x**3 - x**3 - x**3 + 31*x**2 - 15*x**2 - 7*x. Let h be c(8). Calculate the remainder when (h/(-9))/(-2)*63/(-6) is divided by 10.
8
Suppose -h = -2*i + 7 + 158, 5*i = -h - 158. Let v = h + 189. What is the remainder when v is divided by 8?
2
Suppose -58 = 18*s - 184. Let y be (-38)/(-12) - 8/48. Suppose 2*a - 26 = -4*c, -y*c + 0*a